{"id":905,"date":"2022-10-03T16:23:26","date_gmt":"2022-10-03T16:23:26","guid":{"rendered":"http:\/\/sudevelop.fasobizness.com\/?post_type=product&#038;p=905"},"modified":"2025-08-14T11:34:18","modified_gmt":"2025-08-14T11:34:18","slug":"tcf-102","status":"publish","type":"product","link":"https:\/\/copie-suddevelop.suddevelop.com\/index.php\/product\/tcf-102\/","title":{"rendered":"TCF 102"},"content":{"rendered":"<p>BANC DE CHAUDIERE MURALE<\/p>\n<h4>Applications p\u00e9dagogiques*<\/h4>\n<p>&#8211;\u00a0\u00a0\u00a0\u00a0\u00a0\u00a0 Identification des composants d\u2019une installation de chaudi\u00e8re murale<\/p>\n<p>&#8211;\u00a0\u00a0\u00a0\u00a0\u00a0\u00a0 Mise en service d\u2019une chaudi\u00e8re gaz<\/p>\n<p>&#8211;\u00a0\u00a0\u00a0\u00a0\u00a0\u00a0 R\u00e9glage d\u2019une chaudi\u00e8re murale (combustion, r\u00e9gulation, rendement..-n\u00e9cessite l\u2019analyseur de combustion optionnel)<\/p>\n<p>&#8211;\u00a0\u00a0\u00a0\u00a0\u00a0\u00a0 Maintenance d\u2019une chaudi\u00e8re murale<\/p>\n<p>&#8211;\u00a0\u00a0\u00a0\u00a0\u00a0\u00a0 Etude thermique d\u2019une installation de chaudi\u00e8re murale (bilans, production de chauffage, production ECS)<\/p>\n<p>&#8211;\u00a0\u00a0\u00a0\u00a0\u00a0\u00a0 Etude hydraulique d&rsquo;une installation ECS (loi des m\u00e9langes, d\u00e9bits, temp\u00e9ratures, pressions&#8230;)<\/p>\n<p>&nbsp;<\/p>\n<h4>Description<\/h4>\n<p class=\" text-left\">Le banc TCF102 permet l\u2019\u00e9tude d\u2019une chaudi\u00e8re murale gaz. L\u2019installation comprend un d\u00e9part de chauffage et une production ECS qui est utilis\u00e9e sur un \u00e9vier situ\u00e9 \u00e0 c\u00f4t\u00e9 de la chaudi\u00e8re.<\/p>\n<p class=\" text-left\">Le circuit hydraulique comprend tous les composants classiques d\u2019un circuit de chauffage domestique.<\/p>\n<p class=\" text-left\">Les \u00e9tudiants commenceront par identifier les composants du circuit et tracer le sch\u00e9ma hydraulique. Ils proc\u00e8deront ensuite \u00e0 la mise en service et le r\u00e9glage du syst\u00e8me et finiront pas analyser le fonctionnement en relevant les param\u00e8tres (temp\u00e9rature, d\u00e9bit, pression).<\/p>\n<p class=\" text-left\">Le banc est propos\u00e9 en 3 versions possibles suivant le type de chaudi\u00e8re et la production associ\u00e9e (ECS et chauffage).La dissipation peut \u00eatre r\u00e9alis\u00e9e par les diff\u00e9rents bancs optionnels.<\/p>\n<p class=\" text-left\">La conception robuste de cet \u00e9quipement le rend parfaitement adapt\u00e9 pour une utilisation en milieu scolaire.<\/p>\n<p class=\" text-left\">Sa structure en aluminium anodis\u00e9e sur roues lui conf\u00e8re une tr\u00e8s grande robustesse ainsi qu\u2019une grande souplesse d\u2019int\u00e9gration dans vos locaux. La fabrication de cet \u00e9quipement r\u00e9pond \u00e0 la directive machine\u00a0 europ\u00e9enne<\/p>\n<p>Cet \u00e9quipement peut \u00eatre utilis\u00e9 seul ou associ\u00e9 aux autres \u00e9quipements compatibles de notre gamme<\/p>\n","protected":false},"excerpt":{"rendered":"<p>BANC DE CHAUDIERE MURALE Applications p\u00e9dagogiques* &#8211;\u00a0\u00a0\u00a0\u00a0\u00a0\u00a0 Identification des composants d\u2019une installation de chaudi\u00e8re murale &#8211;\u00a0\u00a0\u00a0\u00a0\u00a0\u00a0 Mise en service d\u2019une chaudi\u00e8re gaz &#8211;\u00a0\u00a0\u00a0\u00a0\u00a0\u00a0 R\u00e9glage d\u2019une chaudi\u00e8re murale (combustion, r\u00e9gulation, rendement..-n\u00e9cessite l\u2019analyseur de combustion optionnel) &#8211;\u00a0\u00a0\u00a0\u00a0\u00a0\u00a0 Maintenance d\u2019une chaudi\u00e8re murale &#8211;\u00a0\u00a0\u00a0\u00a0\u00a0\u00a0 Etude thermique d\u2019une installation de chaudi\u00e8re murale (bilans, production de chauffage, production ECS) &#8211;\u00a0\u00a0\u00a0\u00a0\u00a0\u00a0 Etude [&hellip;]<\/p>\n","protected":false},"featured_media":1591,"template":"","meta":{"site-sidebar-layout":"default","site-content-layout":"default","ast-site-content-layout":"default","site-content-style":"default","site-sidebar-style":"default","ast-global-header-display":"","ast-banner-title-visibility":"","ast-main-header-display":"","ast-hfb-above-header-display":"","ast-hfb-below-header-display":"","ast-hfb-mobile-header-display":"","site-post-title":"","ast-breadcrumbs-content":"","ast-featured-img":"","footer-sml-layout":"","theme-transparent-header-meta":"default","adv-header-id-meta":"","stick-header-meta":"","header-above-stick-meta":"","header-main-stick-meta":"","header-below-stick-meta":"","astra-migrate-meta-layouts":"default","ast-page-background-enabled":"default","ast-page-background-meta":{"desktop":{"background-color":"var(--ast-global-color-4)","background-image":"","background-repeat":"repeat","background-position":"center center","background-size":"auto","background-attachment":"scroll","background-type":"","background-media":"","overlay-type":"","overlay-color":"","overlay-opacity":"","overlay-gradient":""},"tablet":{"background-color":"","background-image":"","background-repeat":"repeat","background-position":"center center","background-size":"auto","background-attachment":"scroll","background-type":"","background-media":"","overlay-type":"","overlay-color":"","overlay-opacity":"","overlay-gradient":""},"mobile":{"background-color":"","background-image":"","background-repeat":"repeat","background-position":"center center","background-size":"auto","background-attachment":"scroll","background-type":"","background-media":"","overlay-type":"","overlay-color":"","overlay-opacity":"","overlay-gradient":""}},"ast-content-background-meta":{"desktop":{"background-color":"var(--ast-global-color-5)","background-image":"","background-repeat":"repeat","background-position":"center center","background-size":"auto","background-attachment":"scroll","background-type":"","background-media":"","overlay-type":"","overlay-color":"","overlay-opacity":"","overlay-gradient":""},"tablet":{"background-color":"var(--ast-global-color-5)","background-image":"","background-repeat":"repeat","background-position":"center center","background-size":"auto","background-attachment":"scroll","background-type":"","background-media":"","overlay-type":"","overlay-color":"","overlay-opacity":"","overlay-gradient":""},"mobile":{"background-color":"var(--ast-global-color-5)","background-image":"","background-repeat":"repeat","background-position":"center center","background-size":"auto","background-attachment":"scroll","background-type":"","background-media":"","overlay-type":"","overlay-color":"","overlay-opacity":"","overlay-gradient":""}},"_themeisle_gutenberg_block_has_review":false},"product_brand":[],"product_cat":[31,35,36,32],"product_tag":[],"class_list":{"0":"post-905","1":"product","2":"type-product","3":"status-publish","4":"has-post-thumbnail","6":"product_cat-didactique","7":"product_cat-enseignement-professionnel-et-clinique","8":"product_cat-genie-civil","9":"product_cat-science-de-la-vie-et-de-la-terre","10":"desktop-align-left","11":"tablet-align-left","12":"mobile-align-left","14":"first","15":"instock","16":"shipping-taxable","17":"product-type-simple"},"_links":{"self":[{"href":"https:\/\/copie-suddevelop.suddevelop.com\/index.php\/wp-json\/wp\/v2\/product\/905","targetHints":{"allow":["GET"]}}],"collection":[{"href":"https:\/\/copie-suddevelop.suddevelop.com\/index.php\/wp-json\/wp\/v2\/product"}],"about":[{"href":"https:\/\/copie-suddevelop.suddevelop.com\/index.php\/wp-json\/wp\/v2\/types\/product"}],"wp:featuredmedia":[{"embeddable":true,"href":"https:\/\/copie-suddevelop.suddevelop.com\/index.php\/wp-json\/wp\/v2\/media\/1591"}],"wp:attachment":[{"href":"https:\/\/copie-suddevelop.suddevelop.com\/index.php\/wp-json\/wp\/v2\/media?parent=905"}],"wp:term":[{"taxonomy":"product_brand","embeddable":true,"href":"https:\/\/copie-suddevelop.suddevelop.com\/index.php\/wp-json\/wp\/v2\/product_brand?post=905"},{"taxonomy":"product_cat","embeddable":true,"href":"https:\/\/copie-suddevelop.suddevelop.com\/index.php\/wp-json\/wp\/v2\/product_cat?post=905"},{"taxonomy":"product_tag","embeddable":true,"href":"https:\/\/copie-suddevelop.suddevelop.com\/index.php\/wp-json\/wp\/v2\/product_tag?post=905"}],"curies":[{"name":"wp","href":"https:\/\/api.w.org\/{rel}","templated":true}]}}